a7 - -14?
-106a793
In base 13, what is 5b89 - 573a?
44c
In base 7, what is -235641 + 1550?
-234061
In base 16, what is -db3bd - 128?
-db4e5
In base 9, what is -1032 + -10686?
-11728
In base 9, what is -1532 + -21327?
-22860
In base 4, what is 2320301111 + 2023?
2320303200
In base 3, what is -10010012211112010 + 10?
-10010012211112000
In base 7, what is -2636 + 3134305?
3131336
In base 10, what is 452 + -58633?
-58181
In base 8, what is -46047622 - 1?
-46047623
In base 5, what is 41344 - 101430424?
-101334030
In base 5, what is -10 + 202340342?
202340332
In base 6, what is 21313432 + -3?
21313425
In base 14, what is 136cc - 26?
136a6
In base 14, what is 1835 + 6340?
7b75
In base 5, what is -10 - 100102213124?
-100102213134
In base 2, what is 1100000100010110001 - 1?
1100000100010110000
In base 14, what is -9b34 + 725?
-940d
In base 3, what is -21 + 2001001111100222?
2001001111100201
In base 15, what is -5914d + -4b?
-59199
In base 11, what is -25902122 + 1?
-25902121
In base 10, what is -2 - 7355598?
-7355600
In base 8, what is -217431025 + -6?
-217431033
In base 16, what is -7e + -bb8?
-c36
In base 13, what is -184710 + 6a0?
-184040
In base 10, what is 0 + -736442?
-736442
In base 11, what is -a9a4a06 + 3?
-a9a4a03
In base 6, what is 4 - -155204313?
155204321
In base 3, what is 100 + -1122211120101212?
-1122211120101112
In base 10, what is -4279658 + 2?
-4279656
In base 9, what is 4086 + -11023?
-5826
In base 6, what is 2 + 1043323004?
1043323010
In base 14, what is -8237bc5 - -2?
-8237bc3
In base 14, what is -14 - -7b371?
7b35b
In base 5, what is -20012203400 + -12?
-20012203412
In base 4, what is 132111332202 - -11?
132111332213
In base 10, what is 2587 - 184783?
-182196
In base 6, what is -104344512 + 540?
-104343532
In base 10, what is 8808 + 3?
8811
In base 10, what is -313 - -672092?
671779
In base 4, what is 23133001030 + 11?
23133001101
In base 6, what is -3 + -1353443140?
-1353443143
In base 7, what is -323505625 + -34?
-323505662
In base 13, what is -2292c11 + -4?
-2292c15
In base 3, what is -1101120010221011222 + -1?
-1101120010221012000
In base 15, what is d43a - 45?
d3e5
In base 11, what is 15 - -234905?
23491a
In base 11, what is -90a3690 - 5?
-90a3695
In base 12, what is -19ab07 - -10?
-19aab7
In base 15, what is -327889 + 2?
-327887
In base 6, what is -10 - -22121350?
22121340
In base 6, what is -2341 + 111010?
104225
In base 7, what is -2 - 60535565?
-60535600
In base 10, what is -540 - -74767?
74227
In base 13, what is a - -61a7ac5?
61a7b02
In base 15, what is -ed + -accc?
-adca
In base 15, what is -121 - -e84ce?
e83ad
In base 7, what is -20 + 5106330?
5106310
In base 11, what is -57 - -33899?
33842
In base 6, what is 10540305300 - 10?
10540305250
In base 14, what is 485592 + -1?
485591
In base 6, what is 3 + 34255153?
34255200
In base 7, what is -524506 - -5022?
-516454
In base 11, what is -a884657 + -4?
-a884660
In base 11, what is 82291 + 0?
82291
In base 13, what is -77b14a4 - -4?
-77b14a0
In base 8, what is 6322061 + 3?
6322064
In base 11, what is 1a0042 - -173?
1a0205
In base 5, what is -10222310410 + 42?
-10222310313
In base 6, what is -5 + -55204222?
-55204231
In base 13, what is -c - -45797b?
45796c
In base 9, what is -167412 + -10?
-167422
In base 16, what is -195 - -8d3b?
8ba6
In base 15, what is 142ca6 - 55?
142c51
In base 4, what is 202313330210020 - 3?
202313330210011
In base 14, what is -1 + -669d20?
-669d21
In base 8, what is 1212254424 + 3?
1212254427
In base 16, what is 27c8a - 84?
27c06
In base 3, what is -122 - 110101211121022?
-110101211121221
In base 7, what is 10334521656 + 3?
10334521662
In base 5, what is -1203210 + 22?
-1203133
In base 7, what is 1242 + 615665?
620240
In base 3, what is 220022100210220 - -12?
220022100211002
In base 9, what is 50787363 + -5?
50787357
In base 7, what is 1362506440 - 4?
1362506433
In base 8, what is -2135 + -321422?
-323557
In base 14, what is -4390d45 - -3?
-4390d42
In base 7, what is 46656364 + -1?
46656363
In base 15, what is 4e - 6b0e8?
-6b099
In base 9, what is 3440 - 35778?
-32338
In base 12, what is 90558 + 21?
90579
In base 7, what is 1064163 - -21?
1064214
In base 2, what is -10111001001101 + -10000110010?
-11001001111111
In base 8, what is -3 + 162150363?
162150360
In base 8, what is -4 - 1704604?
-1704610
In base 7, what is -1042353 - 1354?
-1044040
In base 14, what is 47ad + -6cad?
-2500
In base 4, what is -100233 - 2113030023?
-2113130322
In base 2, what is 10100000010100011110 - -10100010?
10100000010111000000
In base 7, what is -163 - -11260550?
11260354
In base 13, what is -2 + -9c02940?
-9c02942
In base 14, what is 899c - -2090?
aa4c
In base 8, what is 163132416 - -50?
163132466
In base 2, what is -10101111011 + 110110000001111?
110011010010100
In base 11, what is a829539 + 4?
a829542
In base 10, what is -70 + -51394?
-51464
In base 3, what is -1001 - -12101002010111?
12101002002110
In base 14, what is -24792c1 - -7?
-24792b8
In base 3, what is 1221221 + 10101112?
12100110
In base 15, what is 777916 - -9?
777920
In base 9, what is 2 + 34856400?
34856402
In base 8, what is 26411 - -64?
26475
In base 8, what is -55 - 3321673?
-3321750
In base 4, what is 1003212103331 + -33?
1003212103232
In base 7, what is 101 - -3444500?
3444601
In base 14, what is 52 - 13bcc5?
-13bc73
In base 3, what is -1100 + -200012220?
-200021020
In base 14, what is b06a8 + 4c?
b0716
In base 12, what is 39 + 1b838?
1b875
In base 2, what is 1001101110100110010 + -10101111110?
1001101011110110100
In base 7, what is -20 - 13220611?
-13220631
In base 8, what is -3 - -10171417?
10171414
In base 15, what is -5 + 76b1ec?
76b1e7
In base 8, what is 73551 - -2525?
76276
In base 12, what is 2647413 - 0?
2647413
In base 3, what is 1010 - -101021002110121?
101021002111201
In base 5, what is -40232441 + -1123?
-40234114
In base 8, what is 7 - 1011536?
-1011527
In base 7, what is -6660010 - -21?
-6656656
In base 16, what is -9c - -494?
3f8
In base 14, what is 6280d - -84?
62893
In base 2, what is 1 - 1100010011000110110110?
-1100010011000110110101
In base 14, what is -1b22593 + -83?
-1b22636
In base 5, what is 1213 + 240131?
241344
In base 9, what is 510 - 174170?
-173560
In base 16, what is 12e7f + 108?
12f87
In base 11, what is -1 + 12542904?
12542903
In base 16, what is -ef - 13943?
-13a32
In base 3, what is -2002101112222 + -21120?
-2002101211112
In base 2, what is 10011 + 101110100011110011110010?
101110100011110100000101
In base 7, what is 255632 - 245?
255354
In base 2, what is 101 + 11001111111001000011111110?
11001111111001000100000011
In base 4, what is -2133221020321 - 13?
-2133221021000
In base 9, what is 5116 + -63037?
-56821
In base 10, what is 1163 - -9634?
10797
In base 6, what is 3050121143 + 5?
3050121152
In base 2, what is -1011010101101010111000 - -101000?
-1011010101101010010000
In base 16, what is 4 - bc31f53?
-bc31f4f
In base 3, what is 1 - -22201102222020112?
22201102222020120
In base 9, what is -1246841 + 102?
-1246738
In base 6, what is -1210145015 + -4?
-1210145023
In base 5, what is 1333404312 - -32?
1333404344
In base 11, what is -141941 + -169?
-141aaa
In base 2, what is -1010101010100100111001 + 100001001?
-1010101010100000110000
In base 9, what is -77 + 5654658?
5654571
In base 3, what is 1010202202101222 - -11?
1010202202102010
In base 15, what is 10c1a - 5ac?
1065d
In base 15, what is 20 + 33c96?
33cb6
In base 3, what is -102100210111002 + -102?
-102100210111111
In base 8, what is -123627 + -12221?
-136050
In base 2, what is 111000001111101 + -1000101?
111000000111000
In base 3, what is -20 + -111110220120200212?
-111110220120201002
In base 6, what is -305 + -14420404?
-14421113
In base 12, what is -1657 + 60b44?
5b4a9
In base 11, what is -1853 + a8?
-1756
In base 13, what is -99684050 - 0?
-99684050
In base 14, what is 546d218 - -5?
546d21d
In base 13, what is -108919 + 8?
-108911
In base 15, what is -11e3 + 4ee7?
3d04
In base 12, what is -853b9a - 14?
-853bb2
In base 16, what is 1f - -3fe6f9?
3fe718
In base 5, what is 12233204 + -1133?
12232021
In base 16, what is 15ba58 - 300?
15b758
In base 9, what is 10 + -2287688?
-2287678
In base 7, what is -3144106 - 1005?
-3145114
In base 11, what is -1244499a + 0?
-1244499a
In base 12, what is 9b - 1ba19a?
-1ba0bb
